{"id":161,"date":"2016-10-25T15:19:54","date_gmt":"2016-10-25T15:19:54","guid":{"rendered":"http:\/\/lawyer2.mythemecloud.io\/?page_id=161"},"modified":"2025-10-30T10:45:09","modified_gmt":"2025-10-30T09:45:09","slug":"home","status":"publish","type":"page","link":"https:\/\/solutionsurmesure.com\/","title":{"rendered":"Home"},"content":{"rendered":"\t\t<div data-elementor-type=\"wp-post\" data-elementor-id=\"161\" class=\"elementor elementor-161\" data-elementor-post-type=\"page\">\n\t\t\t\t<div class=\"elementor-element elementor-element-479a956 e-flex e-con-boxed e-con e-parent\" data-id=\"479a956\" data-element_type=\"container\" data-e-type=\"container\" data-settings=\"{&quot;background_background&quot;:&quot;classic&quot;}\">\n\t\t\t\t\t<div class=\"e-con-inner\">\n\t\t<div class=\"elementor-element elementor-element-2499e27 e-flex e-con-boxed e-con e-child\" data-id=\"2499e27\" data-element_type=\"container\" data-e-type=\"container\">\n\t\t\t\t\t<div class=\"e-con-inner\">\n\t\t<div class=\"elementor-element elementor-element-604e209 e-con-full e-flex e-con e-child\" data-id=\"604e209\" data-element_type=\"container\" data-e-type=\"container\">\n\t\t\t\t<div class=\"elementor-element elementor-element-ff0f011 elementor-hidden-mobile elementor-widget elementor-widget-image\" data-id=\"ff0f011\" data-element_type=\"widget\" data-e-type=\"widget\" data-widget_type=\"image.default\">\n\t\t\t\t<div class=\"elementor-widget-container\">\n\t\t\t\t\t\t\t\t\t\t\t\t\t\t\t<img fetchpriority=\"high\" decoding=\"async\" width=\"768\" height=\"541\" src=\"https:\/\/solutionsurmesure.com\/wp-content\/uploads\/2025\/01\/LOGO-SL-768x541.png\" class=\"attachment-medium_large size-medium_large wp-image-970\" alt=\"\" srcset=\"https:\/\/solutionsurmesure.com\/wp-content\/uploads\/2025\/01\/LOGO-SL-768x541.png 768w, https:\/\/solutionsurmesure.com\/wp-content\/uploads\/2025\/01\/LOGO-SL-300x211.png 300w, https:\/\/solutionsurmesure.com\/wp-content\/uploads\/2025\/01\/LOGO-SL-1024x722.png 1024w, https:\/\/solutionsurmesure.com\/wp-content\/uploads\/2025\/01\/LOGO-SL.png 1240w\" sizes=\"(max-width: 768px) 100vw, 768px\" \/>\t\t\t\t\t\t\t\t\t\t\t\t\t\t\t<\/div>\n\t\t\t\t<\/div>\n\t\t\t\t<\/div>\n\t\t<div class=\"elementor-element elementor-element-1a874dd e-con-full e-flex e-con e-child\" data-id=\"1a874dd\" data-element_type=\"container\" data-e-type=\"container\">\n\t\t\t\t<div class=\"elementor-element elementor-element-fe29007 elementor-widget elementor-widget-heading\" data-id=\"fe29007\" data-element_type=\"widget\" data-e-type=\"widget\" data-widget_type=\"heading.default\">\n\t\t\t\t<div class=\"elementor-widget-container\">\n\t\t\t\t\t<h2 class=\"elementor-heading-title elementor-size-default\">QUI SOMMES-NOUS?<\/h2>\t\t\t\t<\/div>\n\t\t\t\t<\/div>\n\t\t\t\t<div class=\"elementor-element elementor-element-5491d98 elementor-widget elementor-widget-text-editor\" data-id=\"5491d98\" data-element_type=\"widget\" data-e-type=\"widget\" data-widget_type=\"text-editor.default\">\n\t\t\t\t<div class=\"elementor-widget-container\">\n\t\t\t\t\t\t\t\t\t<p><strong>Solutions sur Mesure<\/strong>, une entreprise engag\u00e9e depuis 2017 dans la fourniture de solutions compl\u00e8tes en gestion de projets, gestion administrative et transformation digitale.<\/p><p><strong> Notre mission<\/strong> : simplifier les processus, optimiser les ressources et accompagner nos clients vers le succ\u00e8s, qu\u2019ils soient des TPE, des PME en pleine croissance ou de grandes organisations \u00e9tablies.<\/p><p>Depuis nos d\u00e9buts, nous adoptons une approche fond\u00e9e sur <b>trois principes cl\u00e9s<\/b> : comprendre, planifier et agir.\u00a0<\/p><p>Cette philosophie nous permet de concevoir des strat\u00e9gies sur mesure, capables de relever les d\u00e9fis d\u2019aujourd\u2019hui tout en pr\u00e9parant nos clients \u00e0 affronter l\u2019avenir avec confiance.<\/p>\t\t\t\t\t\t\t\t<\/div>\n\t\t\t\t<\/div>\n\t\t\t\t<\/div>\n\t\t\t\t\t<\/div>\n\t\t\t\t<\/div>\n\t\t\t\t\t<\/div>\n\t\t\t\t<\/div>\n\t\t<div class=\"elementor-element elementor-element-b25bde1 e-con-full e-flex e-con e-parent\" data-id=\"b25bde1\" data-element_type=\"container\" data-e-type=\"container\">\n\t\t\t\t<div class=\"elementor-element elementor-element-81c82c5 elementor-hidden-tablet elementor-hidden-mobile elementor-widget elementor-widget-image\" data-id=\"81c82c5\" data-element_type=\"widget\" data-e-type=\"widget\" data-widget_type=\"image.default\">\n\t\t\t\t<div class=\"elementor-widget-container\">\n\t\t\t\t\t\t\t\t\t\t\t\t\t\t\t<img decoding=\"async\" width=\"1536\" height=\"384\" src=\"https:\/\/solutionsurmesure.com\/wp-content\/uploads\/2025\/10\/Banner-2025-2026-MH-1536x384.png\" class=\"attachment-1536x1536 size-1536x1536 wp-image-2046\" alt=\"\" srcset=\"https:\/\/solutionsurmesure.com\/wp-content\/uploads\/2025\/10\/Banner-2025-2026-MH-1536x384.png 1536w, https:\/\/solutionsurmesure.com\/wp-content\/uploads\/2025\/10\/Banner-2025-2026-MH-300x75.png 300w, https:\/\/solutionsurmesure.com\/wp-content\/uploads\/2025\/10\/Banner-2025-2026-MH-1024x256.png 1024w, https:\/\/solutionsurmesure.com\/wp-content\/uploads\/2025\/10\/Banner-2025-2026-MH-768x192.png 768w, https:\/\/solutionsurmesure.com\/wp-content\/uploads\/2025\/10\/Banner-2025-2026-MH.png 1584w\" sizes=\"(max-width: 1536px) 100vw, 1536px\" \/>\t\t\t\t\t\t\t\t\t\t\t\t\t\t\t<\/div>\n\t\t\t\t<\/div>\n\t\t\t\t<\/div>\n\t\t<div class=\"elementor-element elementor-element-d3cd84f e-flex e-con-boxed elementor-invisible e-con e-parent\" data-id=\"d3cd84f\" data-element_type=\"container\" data-e-type=\"container\" data-settings=\"{&quot;background_background&quot;:&quot;classic&quot;,&quot;animation&quot;:&quot;fadeInDown&quot;}\">\n\t\t\t\t\t<div class=\"e-con-inner\">\n\t\t<div class=\"elementor-element elementor-element-eb71dc7 e-con-full e-flex e-con e-child\" data-id=\"eb71dc7\" data-element_type=\"container\" data-e-type=\"container\">\n\t\t<div class=\"elementor-element elementor-element-652e1d8 e-con-full e-flex e-con e-child\" data-id=\"652e1d8\" data-element_type=\"container\" data-e-type=\"container\">\n\t\t\t\t<div class=\"elementor-element elementor-element-a72303f elementor-widget elementor-widget-heading\" data-id=\"a72303f\" data-element_type=\"widget\" data-e-type=\"widget\" data-widget_type=\"heading.default\">\n\t\t\t\t<div class=\"elementor-widget-container\">\n\t\t\t\t\t<h2 class=\"elementor-heading-title elementor-size-default\"><a href=\"https:\/\/solutionsurmesure.com\/index.php\/votre-alliee-strategique\/\">VOTRE ALLI\u00c9E STRAT\u00c9GIQUE<\/a><\/h2>\t\t\t\t<\/div>\n\t\t\t\t<\/div>\n\t\t\t\t<\/div>\n\t\t\t\t<\/div>\n\t\t<div class=\"elementor-element elementor-element-9c845e4 e-con-full e-flex e-con e-child\" data-id=\"9c845e4\" data-element_type=\"container\" data-e-type=\"container\">\n\t\t<div class=\"elementor-element elementor-element-3f3edbb e-flex e-con-boxed e-con e-child\" data-id=\"3f3edbb\" data-element_type=\"container\" data-e-type=\"container\">\n\t\t\t\t\t<div class=\"e-con-inner\">\n\t\t\t\t<div class=\"elementor-element elementor-element-b672c85 elementor-widget elementor-widget-text-editor\" data-id=\"b672c85\" data-element_type=\"widget\" data-e-type=\"widget\" data-widget_type=\"text-editor.default\">\n\t\t\t\t<div class=\"elementor-widget-container\">\n\t\t\t\t\t\t\t\t\t<p style=\"text-align: center;\"><span style=\"color: #b3153c;\"><strong>En gestion de projets, gestion administrative et transformation digitale<\/strong><\/span><\/p>\t\t\t\t\t\t\t\t<\/div>\n\t\t\t\t<\/div>\n\t\t\t\t\t<\/div>\n\t\t\t\t<\/div>\n\t\t<div class=\"elementor-element elementor-element-54968fe e-con-full e-flex e-con e-child\" data-id=\"54968fe\" data-element_type=\"container\" data-e-type=\"container\">\n\t\t\t\t<div class=\"elementor-element elementor-element-0a2ec5b elementor-button-info elementor-align-center elementor-widget elementor-widget-button\" data-id=\"0a2ec5b\" data-element_type=\"widget\" data-e-type=\"widget\" data-widget_type=\"button.default\">\n\t\t\t\t<div class=\"elementor-widget-container\">\n\t\t\t\t\t\t\t\t\t<div class=\"elementor-button-wrapper\">\n\t\t\t\t\t<a class=\"elementor-button elementor-button-link elementor-size-sm elementor-animation-pulse-grow\" href=\"https:\/\/solutionsurmesure.com\/index.php\/votre-alliee-strategique\/\">\n\t\t\t\t\t\t<span class=\"elementor-button-content-wrapper\">\n\t\t\t\t\t\t\t\t\t<span class=\"elementor-button-text\">Cliquez ici pour savoir plus ...<\/span>\n\t\t\t\t\t<\/span>\n\t\t\t\t\t<\/a>\n\t\t\t\t<\/div>\n\t\t\t\t\t\t\t\t<\/div>\n\t\t\t\t<\/div>\n\t\t\t\t<\/div>\n\t\t\t\t<\/div>\n\t\t\t\t\t<\/div>\n\t\t\t\t<\/div>\n\t\t\t\t<\/div>\n\t\t","protected":false},"excerpt":{"rendered":"<p>QUI SOMMES-NOUS? Solutions sur Mesure, une entreprise engag\u00e9e depuis 2017 dans la fourniture de solutions compl\u00e8tes en gestion de projets, gestion administrative et transformation digitale. Notre mission : simplifier les processus, optimiser les ressources et accompagner nos clients vers le succ\u00e8s, qu\u2019ils soient des TPE, des PME en pleine croissance ou de grandes organisations \u00e9tablies. [&hellip;]<\/p>\n","protected":false},"author":1,"featured_media":0,"parent":0,"menu_order":0,"comment_status":"closed","ping_status":"closed","template":"","meta":{"ocean_post_layout":"full-screen","ocean_both_sidebars_style":"","ocean_both_sidebars_content_width":0,"ocean_both_sidebars_sidebars_width":0,"ocean_sidebar":"","ocean_second_sidebar":"","ocean_disable_margins":"on","ocean_add_body_class":"","ocean_shortcode_before_top_bar":"","ocean_shortcode_after_top_bar":"","ocean_shortcode_before_header":"","ocean_shortcode_after_header":"","ocean_has_shortcode":"","ocean_shortcode_after_title":"","ocean_shortcode_before_footer_widgets":"","ocean_shortcode_after_footer_widgets":"","ocean_shortcode_before_footer_bottom":"","ocean_shortcode_after_footer_bottom":"","ocean_display_top_bar":"default","ocean_display_header":"default","ocean_header_style":"","ocean_center_header_left_menu":"","ocean_custom_header_template":"","ocean_custom_logo":0,"ocean_custom_retina_logo":0,"ocean_custom_logo_max_width":0,"ocean_custom_logo_tablet_max_width":0,"ocean_custom_logo_mobile_max_width":0,"ocean_custom_logo_max_height":0,"ocean_custom_logo_tablet_max_height":0,"ocean_custom_logo_mobile_max_height":0,"ocean_header_custom_menu":"","ocean_menu_typo_font_family":"","ocean_menu_typo_font_subset":"","ocean_menu_typo_font_size":0,"ocean_menu_typo_font_size_tablet":0,"ocean_menu_typo_font_size_mobile":0,"ocean_menu_typo_font_size_unit":"px","ocean_menu_typo_font_weight":"","ocean_menu_typo_font_weight_tablet":"","ocean_menu_typo_font_weight_mobile":"","ocean_menu_typo_transform":"","ocean_menu_typo_transform_tablet":"","ocean_menu_typo_transform_mobile":"","ocean_menu_typo_line_height":0,"ocean_menu_typo_line_height_tablet":0,"ocean_menu_typo_line_height_mobile":0,"ocean_menu_typo_line_height_unit":"","ocean_menu_typo_spacing":0,"ocean_menu_typo_spacing_tablet":0,"ocean_menu_typo_spacing_mobile":0,"ocean_menu_typo_spacing_unit":"","ocean_menu_link_color":"","ocean_menu_link_color_hover":"","ocean_menu_link_color_active":"","ocean_menu_link_background":"","ocean_menu_link_hover_background":"","ocean_menu_link_active_background":"","ocean_menu_social_links_bg":"","ocean_menu_social_hover_links_bg":"","ocean_menu_social_links_color":"","ocean_menu_social_hover_links_color":"","ocean_disable_title":"on","ocean_disable_heading":"default","ocean_post_title":"","ocean_post_subheading":"","ocean_post_title_style":"","ocean_post_title_background_color":"","ocean_post_title_background":0,"ocean_post_title_bg_image_position":"","ocean_post_title_bg_image_attachment":"","ocean_post_title_bg_image_repeat":"","ocean_post_title_bg_image_size":"","ocean_post_title_height":0,"ocean_post_title_bg_overlay":0.5,"ocean_post_title_bg_overlay_color":"","ocean_disable_breadcrumbs":"default","ocean_breadcrumbs_color":"","ocean_breadcrumbs_separator_color":"","ocean_breadcrumbs_links_color":"","ocean_breadcrumbs_links_hover_color":"","ocean_display_footer_widgets":"default","ocean_display_footer_bottom":"default","ocean_custom_footer_template":"","footnotes":""},"class_list":["post-161","page","type-page","status-publish","hentry","entry"],"yoast_head":"<!-- This site is optimized with the Yoast SEO plugin v27.5 - https:\/\/yoast.com\/product\/yoast-seo-wordpress\/ -->\n<title>Home - Solutions sur Mesure<\/title>\n<meta name=\"robots\" content=\"index, follow, max-snippet:-1, max-image-preview:large, max-video-preview:-1\" \/>\n<link rel=\"canonical\" href=\"https:\/\/solutionsurmesure.com\/\" \/>\n<meta property=\"og:locale\" content=\"fr_FR\" \/>\n<meta property=\"og:type\" content=\"article\" \/>\n<meta property=\"og:title\" content=\"Home - Solutions sur Mesure\" \/>\n<meta property=\"og:description\" content=\"QUI SOMMES-NOUS? Solutions sur Mesure, une entreprise engag\u00e9e depuis 2017 dans la fourniture de solutions compl\u00e8tes en gestion de projets, gestion administrative et transformation digitale. Notre mission : simplifier les processus, optimiser les ressources et accompagner nos clients vers le succ\u00e8s, qu\u2019ils soient des TPE, des PME en pleine croissance ou de grandes organisations \u00e9tablies. [&hellip;]\" \/>\n<meta property=\"og:url\" content=\"https:\/\/solutionsurmesure.com\/\" \/>\n<meta property=\"og:site_name\" content=\"Solutions sur Mesure\" \/>\n<meta property=\"article:modified_time\" content=\"2025-10-30T09:45:09+00:00\" \/>\n<meta property=\"og:image\" content=\"https:\/\/solutionsurmesure.com\/wp-content\/uploads\/2025\/01\/LOGO-SL.png\" \/>\n\t<meta property=\"og:image:width\" content=\"1240\" \/>\n\t<meta property=\"og:image:height\" content=\"874\" \/>\n\t<meta property=\"og:image:type\" content=\"image\/png\" \/>\n<meta name=\"twitter:card\" content=\"summary_large_image\" \/>\n<meta name=\"twitter:label1\" content=\"Dur\u00e9e de lecture estim\u00e9e\" \/>\n\t<meta name=\"twitter:data1\" content=\"1 minute\" \/>\n<script type=\"application\/ld+json\" class=\"yoast-schema-graph\">{\"@context\":\"https:\\\/\\\/schema.org\",\"@graph\":[{\"@type\":\"WebPage\",\"@id\":\"https:\\\/\\\/solutionsurmesure.com\\\/\",\"url\":\"https:\\\/\\\/solutionsurmesure.com\\\/\",\"name\":\"Home - Solutions sur Mesure\",\"isPartOf\":{\"@id\":\"https:\\\/\\\/solutionsurmesure.com\\\/#website\"},\"primaryImageOfPage\":{\"@id\":\"https:\\\/\\\/solutionsurmesure.com\\\/#primaryimage\"},\"image\":{\"@id\":\"https:\\\/\\\/solutionsurmesure.com\\\/#primaryimage\"},\"thumbnailUrl\":\"https:\\\/\\\/solutionsurmesure.com\\\/wp-content\\\/uploads\\\/2025\\\/01\\\/LOGO-SL-768x541.png\",\"datePublished\":\"2016-10-25T15:19:54+00:00\",\"dateModified\":\"2025-10-30T09:45:09+00:00\",\"breadcrumb\":{\"@id\":\"https:\\\/\\\/solutionsurmesure.com\\\/#breadcrumb\"},\"inLanguage\":\"fr-FR\",\"potentialAction\":[{\"@type\":\"ReadAction\",\"target\":[\"https:\\\/\\\/solutionsurmesure.com\\\/\"]}]},{\"@type\":\"ImageObject\",\"inLanguage\":\"fr-FR\",\"@id\":\"https:\\\/\\\/solutionsurmesure.com\\\/#primaryimage\",\"url\":\"https:\\\/\\\/solutionsurmesure.com\\\/wp-content\\\/uploads\\\/2025\\\/01\\\/LOGO-SL.png\",\"contentUrl\":\"https:\\\/\\\/solutionsurmesure.com\\\/wp-content\\\/uploads\\\/2025\\\/01\\\/LOGO-SL.png\",\"width\":1240,\"height\":874},{\"@type\":\"BreadcrumbList\",\"@id\":\"https:\\\/\\\/solutionsurmesure.com\\\/#breadcrumb\",\"itemListElement\":[{\"@type\":\"ListItem\",\"position\":1,\"name\":\"Accueil\",\"item\":\"https:\\\/\\\/solutionsurmesure.com\\\/\"},{\"@type\":\"ListItem\",\"position\":2,\"name\":\"Home\"}]},{\"@type\":\"WebSite\",\"@id\":\"https:\\\/\\\/solutionsurmesure.com\\\/#website\",\"url\":\"https:\\\/\\\/solutionsurmesure.com\\\/\",\"name\":\"Solutions sur Mesure\",\"description\":\"Ensemble transformons vos t\u00e2ches en processus simples et efficaces !\",\"publisher\":{\"@id\":\"https:\\\/\\\/solutionsurmesure.com\\\/#organization\"},\"potentialAction\":[{\"@type\":\"SearchAction\",\"target\":{\"@type\":\"EntryPoint\",\"urlTemplate\":\"https:\\\/\\\/solutionsurmesure.com\\\/?s={search_term_string}\"},\"query-input\":{\"@type\":\"PropertyValueSpecification\",\"valueRequired\":true,\"valueName\":\"search_term_string\"}}],\"inLanguage\":\"fr-FR\"},{\"@type\":\"Organization\",\"@id\":\"https:\\\/\\\/solutionsurmesure.com\\\/#organization\",\"name\":\"Solutions sur Mesure\",\"url\":\"https:\\\/\\\/solutionsurmesure.com\\\/\",\"logo\":{\"@type\":\"ImageObject\",\"inLanguage\":\"fr-FR\",\"@id\":\"https:\\\/\\\/solutionsurmesure.com\\\/#\\\/schema\\\/logo\\\/image\\\/\",\"url\":\"https:\\\/\\\/solutionsurmesure.com\\\/wp-content\\\/uploads\\\/2025\\\/01\\\/cropped-BANNER-2.png\",\"contentUrl\":\"https:\\\/\\\/solutionsurmesure.com\\\/wp-content\\\/uploads\\\/2025\\\/01\\\/cropped-BANNER-2.png\",\"width\":903,\"height\":176,\"caption\":\"Solutions sur Mesure\"},\"image\":{\"@id\":\"https:\\\/\\\/solutionsurmesure.com\\\/#\\\/schema\\\/logo\\\/image\\\/\"}}]}<\/script>\n<!-- \/ Yoast SEO plugin. -->","yoast_head_json":{"title":"Home - Solutions sur Mesure","robots":{"index":"index","follow":"follow","max-snippet":"max-snippet:-1","max-image-preview":"max-image-preview:large","max-video-preview":"max-video-preview:-1"},"canonical":"https:\/\/solutionsurmesure.com\/","og_locale":"fr_FR","og_type":"article","og_title":"Home - Solutions sur Mesure","og_description":"QUI SOMMES-NOUS? Solutions sur Mesure, une entreprise engag\u00e9e depuis 2017 dans la fourniture de solutions compl\u00e8tes en gestion de projets, gestion administrative et transformation digitale. Notre mission : simplifier les processus, optimiser les ressources et accompagner nos clients vers le succ\u00e8s, qu\u2019ils soient des TPE, des PME en pleine croissance ou de grandes organisations \u00e9tablies. [&hellip;]","og_url":"https:\/\/solutionsurmesure.com\/","og_site_name":"Solutions sur Mesure","article_modified_time":"2025-10-30T09:45:09+00:00","og_image":[{"width":1240,"height":874,"url":"https:\/\/solutionsurmesure.com\/wp-content\/uploads\/2025\/01\/LOGO-SL.png","type":"image\/png"}],"twitter_card":"summary_large_image","twitter_misc":{"Dur\u00e9e de lecture estim\u00e9e":"1 minute"},"schema":{"@context":"https:\/\/schema.org","@graph":[{"@type":"WebPage","@id":"https:\/\/solutionsurmesure.com\/","url":"https:\/\/solutionsurmesure.com\/","name":"Home - Solutions sur Mesure","isPartOf":{"@id":"https:\/\/solutionsurmesure.com\/#website"},"primaryImageOfPage":{"@id":"https:\/\/solutionsurmesure.com\/#primaryimage"},"image":{"@id":"https:\/\/solutionsurmesure.com\/#primaryimage"},"thumbnailUrl":"https:\/\/solutionsurmesure.com\/wp-content\/uploads\/2025\/01\/LOGO-SL-768x541.png","datePublished":"2016-10-25T15:19:54+00:00","dateModified":"2025-10-30T09:45:09+00:00","breadcrumb":{"@id":"https:\/\/solutionsurmesure.com\/#breadcrumb"},"inLanguage":"fr-FR","potentialAction":[{"@type":"ReadAction","target":["https:\/\/solutionsurmesure.com\/"]}]},{"@type":"ImageObject","inLanguage":"fr-FR","@id":"https:\/\/solutionsurmesure.com\/#primaryimage","url":"https:\/\/solutionsurmesure.com\/wp-content\/uploads\/2025\/01\/LOGO-SL.png","contentUrl":"https:\/\/solutionsurmesure.com\/wp-content\/uploads\/2025\/01\/LOGO-SL.png","width":1240,"height":874},{"@type":"BreadcrumbList","@id":"https:\/\/solutionsurmesure.com\/#breadcrumb","itemListElement":[{"@type":"ListItem","position":1,"name":"Accueil","item":"https:\/\/solutionsurmesure.com\/"},{"@type":"ListItem","position":2,"name":"Home"}]},{"@type":"WebSite","@id":"https:\/\/solutionsurmesure.com\/#website","url":"https:\/\/solutionsurmesure.com\/","name":"Solutions sur Mesure","description":"Ensemble transformons vos t\u00e2ches en processus simples et efficaces !","publisher":{"@id":"https:\/\/solutionsurmesure.com\/#organization"},"potentialAction":[{"@type":"SearchAction","target":{"@type":"EntryPoint","urlTemplate":"https:\/\/solutionsurmesure.com\/?s={search_term_string}"},"query-input":{"@type":"PropertyValueSpecification","valueRequired":true,"valueName":"search_term_string"}}],"inLanguage":"fr-FR"},{"@type":"Organization","@id":"https:\/\/solutionsurmesure.com\/#organization","name":"Solutions sur Mesure","url":"https:\/\/solutionsurmesure.com\/","logo":{"@type":"ImageObject","inLanguage":"fr-FR","@id":"https:\/\/solutionsurmesure.com\/#\/schema\/logo\/image\/","url":"https:\/\/solutionsurmesure.com\/wp-content\/uploads\/2025\/01\/cropped-BANNER-2.png","contentUrl":"https:\/\/solutionsurmesure.com\/wp-content\/uploads\/2025\/01\/cropped-BANNER-2.png","width":903,"height":176,"caption":"Solutions sur Mesure"},"image":{"@id":"https:\/\/solutionsurmesure.com\/#\/schema\/logo\/image\/"}}]}},"_links":{"self":[{"href":"https:\/\/solutionsurmesure.com\/index.php\/wp-json\/wp\/v2\/pages\/161","targetHints":{"allow":["GET"]}}],"collection":[{"href":"https:\/\/solutionsurmesure.com\/index.php\/wp-json\/wp\/v2\/pages"}],"about":[{"href":"https:\/\/solutionsurmesure.com\/index.php\/wp-json\/wp\/v2\/types\/page"}],"author":[{"embeddable":true,"href":"https:\/\/solutionsurmesure.com\/index.php\/wp-json\/wp\/v2\/users\/1"}],"replies":[{"embeddable":true,"href":"https:\/\/solutionsurmesure.com\/index.php\/wp-json\/wp\/v2\/comments?post=161"}],"version-history":[{"count":221,"href":"https:\/\/solutionsurmesure.com\/index.php\/wp-json\/wp\/v2\/pages\/161\/revisions"}],"predecessor-version":[{"id":2466,"href":"https:\/\/solutionsurmesure.com\/index.php\/wp-json\/wp\/v2\/pages\/161\/revisions\/2466"}],"wp:attachment":[{"href":"https:\/\/solutionsurmesure.com\/index.php\/wp-json\/wp\/v2\/media?parent=161"}],"curies":[{"name":"wp","href":"https:\/\/api.w.org\/{rel}","templated":true}]}}